664?
16
What is the highest common factor of 9975 and 679440?
285
What is the highest common divisor of 942890 and 7930?
130
What is the greatest common divisor of 1909656 and 336?
168
What is the highest common factor of 2389383 and 13528?
1691
What is the highest common factor of 110 and 4385590?
110
What is the greatest common factor of 125372808 and 37320?
7464
Calculate the highest common factor of 3456 and 863568.
432
What is the greatest common factor of 16200 and 377850?
150
Calculate the greatest common factor of 3725925 and 2265.
2265
Calculate the highest common factor of 600 and 455136000.
600
Calculate the highest common divisor of 1857 and 1664887779.
1857
Calculate the highest common factor of 260 and 3004717820.
260
What is the greatest common divisor of 39 and 52673?
1
What is the greatest common divisor of 22396 and 4676183?
509
Calculate the greatest common factor of 429 and 1223937.
429
Calculate the highest common divisor of 4860 and 1177420050.
2430
What is the highest common factor of 34235609 and 926?
463
What is the highest common divisor of 8170 and 6134810?
430
What is the greatest common divisor of 16247 and 41525?
11
What is the highest common factor of 92076295 and 39351?
1009
What is the highest common factor of 99 and 215578781?
11
Calculate the greatest common divisor of 90 and 1139682.
6
What is the highest common divisor of 33925 and 5500?
25
What is the greatest common factor of 6204 and 594879?
141
Calculate the highest common divisor of 1359380 and 11.
11
Calculate the greatest common factor of 3144334 and 370.
74
Calculate the highest common divisor of 338 and 16956784.
338
Calculate the highest common divisor of 215790 and 13730.
10
Calculate the highest common divisor of 36823545 and 297.
297
Calculate the greatest common factor of 798 and 67419429.
399
Calculate the highest common factor of 401166189 and 18.
9
Calculate the greatest common divisor of 2609252919 and 7371.
7371
What is the greatest common divisor of 1453615 and 5805?
215
Calculate the highest common divisor of 53579778 and 210.
42
Calculate the highest common divisor of 207645 and 2356035.
1635
What is the highest common factor of 165 and 3931620?
165
What is the greatest common factor of 20010680 and 6360?
2120
Calculate the greatest common divisor of 1482287 and 1172.
293
Calculate the highest common factor of 354999 and 471711.
4863
Calculate the greatest common divisor of 2550 and 292700.
50
Calculate the greatest common divisor of 9290 and 6688.
2
Calculate the highest common divisor of 2485 and 386995.
35
What is the greatest common divisor of 4947658 and 6232214?
7058
What is the greatest common factor of 3107 and 76739?
13
Calculate the highest common divisor of 8480019 and 186.
93
Calculate the greatest common factor of 2838165 and 1751.
103
What is the greatest common factor of 7329678 and 253746?
762
What is the highest common factor of 35 and 202888?
7
Calculate the greatest common factor of 113190 and 1843086.
294
What is the greatest common divisor of 4478422 and 3749?
23
What is the greatest common divisor of 470 and 5962702?
94
Calculate the greatest common factor of 404500964 and 56.
28
What is the greatest common divisor of 24 and 52851144?
24
Calculate the greatest common factor of 1278 and 21606.
6
What is the greatest common divisor of 101717 and 22407?
77
Calculate the highest common factor of 531735642 and 4748.
2374
What is the highest common factor of 18278 and 128934?
494
Calculate the greatest common factor of 120 and 173180.
20
What is the highest common factor of 439350 and 345?
15
What is the highest common divisor of 42 and 4111044?
42
What is the greatest common divisor of 25 and 1945315?
5
What is the greatest common factor of 4265704 and 176?
8
Calculate the highest common divisor of 1118 and 626158.
26
What is the highest common factor of 8730 and 11414960?
970
What is the highest common divisor of 20 and 5334385?
5
What is the greatest common factor of 182535 and 3035175?
4245
What is the highest common divisor of 17805313 and 17361?
643
What is the greatest common factor of 46221433 and 4237?
4237
What is the highest common divisor of 2762801 and 39527?
1363
What is the highest common divisor of 16480 and 124704?
32
What is the greatest common factor of 6 and 24754890?
6
What is the highest common divisor of 32504 and 4590712?
1912
Calculate the highest common divisor of 2099020 and 58580.
580
Calculate the greatest common factor of 411525 and 313875.
6975
Calculate the highest common divisor of 770 and 35871850.
70
Calculate the greatest common factor of 14 and 23972298.
14
Calculate the greatest common factor of 6104318 and 2988.
166
What is the greatest common factor of 329248 and 13856?
32
What is the greatest common divisor of 894 and 321079802?
298
Calculate the greatest common factor of 114 and 671612.
38
What is the greatest common factor of 981 and 5682279?
327
What is the highest common factor of 826 and 8362070?
118
What is the greatest common divisor of 960 and 11219840?
320
Calculate the greatest common divisor of 91 and 61339759.
13
Calculate the highest common factor of 78524766 and 42.
6
Calculate the greatest common divisor of 10 and 668856215.
5
Calculate the greatest common factor of 8666866 and 676.
26
What is the greatest common divisor of 73587 and 39311?
19
What is the highest common divisor of 512 and 269296?
16
Calculate the greatest common factor of 727006445 and 1133.
1133
What is the highest common divisor of 160309381 and 3204?
89
Calculate the highest common factor of 140 and 19125344.
28
Calculate the highest common divisor of 30 and 3567265.
5
Calculate the greatest common divisor of 455968338 and 7896.
1974
Calculate the highest common divisor of 3222 and 39471648.
1074
What is the greatest common factor of 71375673 and 21777?
3111
What is the highest common divisor of 4895920 and 204820?
380
Calculate the greatest common divisor of 281220 and 283425.
15
Calculate the greatest common divisor of 23035155 and 5720.
715
Calculate the greatest common factor of 3669 and 92149381.
1223
What is the greatest common factor of 629650 and 882?
98
What is the greatest common divisor of 84987 and 173169?
639
Calculate the greatest common factor of 6134292 and 5724.
108
What is the highest common factor of 2715 and 1123305?
15
Calculate the highest common divisor of 13563 and 2915.
11
What is the highest common factor of 40453128 and 342?
342
What is the greatest common divisor of 327 and 169209529?
109
What is the greatest common factor of 8652 and 155796?
12
Calculate the highest common factor of 39492 and 20232.
36
Calculate the greatest common divisor of 268105404 and 3108.
3108
Calculate the greatest common divisor of 1280 and 14288480.
160
Calculate the greatest common factor of 325080 and 10343340.
1260
What is the highest common factor of 52162010 and 267?
89
What is the greatest common factor of 353485140 and 12?
12
Calculate the highest common divisor of 17169192 and 81848.
6296
What is the highest common divisor of 1979270 and 390?
10
Calculate the greatest common factor of 1240 and 5076250.
310
Calculate the highest common divisor of 1074 and 8331376.
358
What is the highest common factor of 160710739 and 7?
7
What is the highest common divisor of 58438 and 253333?
61
What is the greatest common divisor of 295097 and 12371?
139
Calculate the greatest common factor of 27 and 3548637.
27
What is the greatest common divisor of 26934735 and 6?
3
Calculate the highest common divisor of 650 and 864682.
26
What is the greatest common divisor of 100 and 402734650?
50
Calculate the highest common factor of 2310 and 96756.
66
Calculate the greatest common divisor of 70902159 and 321.
321
What is the highest common factor of 3732 and 1217796?
12
Calculate the greatest common divisor of 484 and 1274251.
121
What is the greatest common divisor of 9741498 and 858?
78
What is the highest common divisor of 217291096 and 1060?
212
What is the highest common divisor of 18 and 161714331?
9
What is the greatest common factor of 1944509 and 3612?
7
Calculate the greatest common divisor of 207090 and 485334.
1062
Calculate the greatest common factor of 1632400 and 39424.
1232
Calculate t